divided by 1529.
221
What is the remainder when 203606 is divided by 248?
246
What is the remainder when 3474171 is divided by 248?
187
Calculate the remainder when 2041241 is divided by 543.
104
What is the remainder when 589024 is divided by 17323?
42
Calculate the remainder when 330823 is divided by 36750.
73
Calculate the remainder when 1964348283 is divided by 382.
379
Calculate the remainder when 14441948 is divided by 50.
48
Calculate the remainder when 365721001 is divided by 1084.
1081
What is the remainder when 226582 is divided by 508?
14
Calculate the remainder when 3818377 is divided by 3057.
184
What is the remainder when 1639283 is divided by 2065?
1738
Calculate the remainder when 1362391 is divided by 454125.
16
What is the remainder when 3453095 is divided by 329?
240
Calculate the remainder when 156868 is divided by 1428.
1216
Calculate the remainder when 24425285 is divided by 340.
25
What is the remainder when 19645 is divided by 832?
509
Calculate the remainder when 665173 is divided by 20156.
25
Calculate the remainder when 3315446 is divided by 223.
105
Calculate the remainder when 153013291 is divided by 52.
15
Calculate the remainder when 2416094 is divided by 2774.
2714
Calculate the remainder when 308990673 is divided by 12086.
12083
Calculate the remainder when 99820 is divided by 49727.
366
Calculate the remainder when 6030348 is divided by 530.
8
What is the remainder when 76481 is divided by 166?
121
Calculate the remainder when 309815 is divided by 759.
143
What is the remainder when 14314854 is divided by 127811?
22
What is the remainder when 4054017 is divided by 42?
9
Calculate the remainder when 715725 is divided by 948.
933
What is the remainder when 17927082 is divided by 4481768?
10
What is the remainder when 807997 is divided by 58?
57
Calculate the remainder when 3983671 is divided by 534.
31
Calculate the remainder when 232642 is divided by 1509.
256
Calculate the remainder when 1767676 is divided by 3439.
30
What is the remainder when 649092 is divided by 154?
136
Calculate the remainder when 33099714 is divided by 21.
18
What is the remainder when 2527618 is divided by 194410?
288
What is the remainder when 456962372 is divided by 1991?
1989
Calculate the remainder when 4596422 is divided by 128.
70
Calculate the remainder when 4177625 is divided by 1297.
1285
Calculate the remainder when 34434404 is divided by 7700.
4
Calculate the remainder when 275738700 is divided by 344.
340
Calculate the remainder when 3962292 is divided by 338.
256
What is the remainder when 10330096 is divided by 315?
301
What is the remainder when 13684892 is divided by 15359?
23
What is the remainder when 110216245 is divided by 7?
6
Calculate the remainder when 4191585 is divided by 2095746.
93
What is the remainder when 266882 is divided by 133438?
6
Calculate the remainder when 633470 is divided by 2906.
2868
Calculate the remainder when 603584 is divided by 86209.
121
What is the remainder when 7235 is divided by 3047?
1141
Calculate the remainder when 11182411 is divided by 8812.
8795
What is the remainder when 224325 is divided by 2041?
1856
What is the remainder when 177744605 is divided by 183?
182
What is the remainder when 656924 is divided by 32846?
4
What is the remainder when 47379018 is divided by 65?
63
Calculate the remainder when 245824509 is divided by 192.
189
Calculate the remainder when 1627399 is divided by 62590.
59
What is the remainder when 2396363 is divided by 40?
3
Calculate the remainder when 4212673 is divided by 18976.
1
Calculate the remainder when 15466695 is divided by 571.
18
Calculate the remainder when 207951 is divided by 1440.
591
What is the remainder when 18457755 is divided by 661?
652
What is the remainder when 31010155 is divided by 6563?
6543
Calculate the remainder when 78469279 is divided by 20.
19
Calculate the remainder when 402906 is divided by 100716.
42
Calculate the remainder when 379183692 is divided by 22.
8
Calculate the remainder when 345754 is divided by 4891.
3384
Calculate the remainder when 2098894 is divided by 27257.
105
What is the remainder when 145091 is divided by 3719?
50
What is the remainder when 39690136 is divided by 196?
136
Calculate the remainder when 593144 is divided by 4264.
448
Calculate the remainder when 50843090 is divided by 564923.
20
Calculate the remainder when 92301704 is divided by 537.
533
What is the remainder when 23961919 is divided by 958476?
19
Calculate the remainder when 9983148 is divided by 96.
12
Calculate the remainder when 2162445 is divided by 144161.
30
What is the remainder when 80680 is divided by 26793?
301
Calculate the remainder when 211127 is divided by 70340.
107
Calculate the remainder when 6264 is divided by 3186.
3078
Calculate the remainder when 6599801 is divided by 599.
19
What is the remainder when 6958 is divided by 2199?
361
What is the remainder when 389968 is divided by 1317?
136
Calculate the remainder when 8970395 is divided by 519.
518
Calculate the remainder when 846767 is divided by 282249.
20
Calculate the remainder when 4342678 is divided by 43.
22
Calculate the remainder when 540377 is divided by 71.
67
What is the remainder when 2132258 is divided by 415?
403
What is the remainder when 1611064 is divided by 47?
45
What is the remainder when 33521 is divided by 8024?
1425
What is the remainder when 5715445 is divided by 1188?
1165
What is the remainder when 64603 is divided by 63326?
1277
What is the remainder when 191796 is divided by 1170?
1086
Calculate the remainder when 158452534 is divided by 3335.
14
What is the remainder when 6876329 is divided by 1719081?
5
Calculate the remainder when 1346017 is divided by 12698.
29
What is the remainder when 4904718 is divided by 326917?
963
Calculate the remainder when 173812 is divided by 704.
628
What is the remainder when 1820057 is divided by 6973?
104
What is the remainder when 59552 is divided by 3936?
512
Calculate the remainder when 197840 is divided by 626.
24
What is the remainder when 124000558 is divided by 143?
110
Calculate the remainder when 4922785 is divided by 266.
189
Calculate the remainder when 2417260 is divided by 1634.
574
Calculate the remainder when 2406762 is divided by 240667.
92
What is the remainder when 565037 is divided by 10?
7
Calculate the remainder when 1103405 is divided by 551685.
35
What is the remainder when 2312600 is divided by 7050?
200
Calculate the remainder when 2954809 is divided by 141.
13
What is the remainder when 157291 is divided by 156708?
583
What is the remainder when 1387038 is divided by 407?
389
What is the remainder when 11519970 is divided by 441?
168
Calculate the remainder when 66701791 is divided by 22233926.
13
Calculate the remainder when 1130027 is divided by 41818.
941
Calculate the remainder when 1592581 is divided by 7174.
7127
What is the remainder when 31003 is divided by 30952?
51
What is the remainder when 412616 is divided by 412195?
421
What is the remainder when 369331 is divided by 16786?
39
What is the remainder when 6771915 is divided by 219?
216
What is the remainder when 31273 is divided by 20513?
10760
What is the remainder when 5669125 is divided by 2386?
2375
Calculate the remainder when 16570212 is divided by 3314042.
2
What is the remainder when 834108 is divided by 2291?
184
What is the remainder when 1451811 is divided by 3115?
221
Calculate the remainder when 228407 is divided by 591.
281
Calculate the remainder when 2078143 is divided by 4479.
4366
Calculate the remainder when 546698 is divided by 42037.
217
What is the remainder when 1769960 is divided by 183?
167
Calculate the remainder when 10294 is divided by 1956.
514
What is the remainder when 808767 is divided by 6035?
77
What is the remainder when 296973 is divided by 97722?
3807
Calculate the remainder when 63146066 is divided by 2956.
2950
Calculate the remainder when 1331193 is divided by 1331143.
50
What is the remainder when 20252458 is divided by 4050482?
48
Calculate the remainder when 5802600 is divided by 138157.
6
What is the remainder when 10745183 is divided by 411?
410
What is the remainder when 459851 is divided by 459835?
16
Calculate the remainder when 679636 is divided by 2807.
342
W